{"id":202,"date":"2020-11-17T13:55:33","date_gmt":"2020-11-17T12:55:33","guid":{"rendered":"http:\/\/ocqueville.fr\/?page_id=202"},"modified":"2020-11-18T14:28:12","modified_gmt":"2020-11-18T13:28:12","slug":"les-producteurs-locaux","status":"publish","type":"page","link":"https:\/\/ocqueville.fr\/?page_id=202","title":{"rendered":"Les producteurs locaux"},"content":{"rendered":"\n<p>A Ocqueville, les agriculteurs qui vous proposent l&#8217;achat directement \u00e0 la ferme (notamment des pommes de terres), vous trouverez leurs coordonn\u00e9es ci-dessous : <\/p>\n\n\n\n<ul><li>Monsieur DEBRABANTER : 06-19-06-85-73, <\/li><li>Monsieur STALIN : 02-35-97-80-13,<\/li><li>Monsieur Bruno GEORGES : 06-15-21-69-10,<\/li><li>Ainsi que Monsieur HEDOUIN : 06-85-06-57-34 (producteur de cidre)<\/li><\/ul>\n\n\n\n<p>Par ailleurs, un petit march\u00e9 de fruits et l\u00e9gumes est en place tous les samedis sur la place de la Mairie.<\/p>\n\n\n\n<p>Enfin, vous avez aussi la possibilit\u00e9 de faire vos commandes de divers produits soit par t\u00e9l\u00e9phone ou par mail aux &#8220;Halles cauchoises&#8221; de Cany-Barville ou sur le site &#8220;FaireMesCourses.fr&#8221;.<\/p>\n\n\n\n<p>La Livraison se fait \u00e0 la mairie le Vendredi matin de 10h00 \u00e0 12h00.<\/p>\n\n\n\n<div class=\"wp-block-jetpack-tiled-gallery aligncenter is-style-rectangular\"><div class=\"tiled-gallery__gallery\"><div class=\"tiled-gallery__row\"><div class=\"tiled-gallery__col\" style=\"flex-basis:19.24107484199615%\"><figure class=\"tiled-gallery__item\"><img decoding=\"async\" srcset=\"https:\/\/i2.wp.com\/ocqueville.fr\/wp-content\/uploads\/2020\/11\/Fruits-et-legume-2-scaled.jpg?strip=info&#038;w=600 600w,https:\/\/i2.wp.com\/ocqueville.fr\/wp-content\/uploads\/2020\/11\/Fruits-et-legume-2-scaled.jpg?strip=info&#038;w=900 900w,https:\/\/i2.wp.com\/ocqueville.fr\/wp-content\/uploads\/2020\/11\/Fruits-et-legume-2-scaled.jpg?strip=info&#038;w=1200 1200w,https:\/\/i2.wp.com\/ocqueville.fr\/wp-content\/uploads\/2020\/11\/Fruits-et-legume-2-scaled.jpg?strip=info&#038;w=1244 1244w\" alt=\"\" data-height=\"2560\" data-id=\"214\" data-link=\"http:\/\/ocqueville.fr\/?attachment_id=214\" data-url=\"http:\/\/ocqueville.fr\/wp-content\/uploads\/2020\/11\/Fruits-et-legume-2-scaled.jpg\" data-width=\"1244\" src=\"https:\/\/i2.wp.com\/ocqueville.fr\/wp-content\/uploads\/2020\/11\/Fruits-et-legume-2-scaled.jpg\" layout=\"responsive\"\/><\/figure><\/div><div class=\"tiled-gallery__col\" style=\"flex-basis:80.75892515800386%\"><figure class=\"tiled-gallery__item\"><img decoding=\"async\" srcset=\"https:\/\/i2.wp.com\/ocqueville.fr\/wp-content\/uploads\/2020\/11\/fruits-et-legume-1-scaled.jpg?strip=info&#038;w=600 600w,https:\/\/i2.wp.com\/ocqueville.fr\/wp-content\/uploads\/2020\/11\/fruits-et-legume-1-scaled.jpg?strip=info&#038;w=900 900w,https:\/\/i2.wp.com\/ocqueville.fr\/wp-content\/uploads\/2020\/11\/fruits-et-legume-1-scaled.jpg?strip=info&#038;w=1200 1200w,https:\/\/i2.wp.com\/ocqueville.fr\/wp-content\/uploads\/2020\/11\/fruits-et-legume-1-scaled.jpg?strip=info&#038;w=1500 1500w,https:\/\/i2.wp.com\/ocqueville.fr\/wp-content\/uploads\/2020\/11\/fruits-et-legume-1-scaled.jpg?strip=info&#038;w=1800 1800w,https:\/\/i2.wp.com\/ocqueville.fr\/wp-content\/uploads\/2020\/11\/fruits-et-legume-1-scaled.jpg?strip=info&#038;w=2000 2000w\" alt=\"Fruits legumes ocqueville\" data-height=\"1244\" data-id=\"213\" data-link=\"http:\/\/ocqueville.fr\/?attachment_id=213\" data-url=\"http:\/\/ocqueville.fr\/wp-content\/uploads\/2020\/11\/fruits-et-legume-1-scaled.jpg\" data-width=\"2560\" src=\"https:\/\/i2.wp.com\/ocqueville.fr\/wp-content\/uploads\/2020\/11\/fruits-et-legume-1-scaled.jpg\" layout=\"responsive\"\/><\/figure><\/div><\/div><\/div><\/div>\n\n\n\n<p><\/p>\n\n\n\n<p><\/p>\n","protected":false},"excerpt":{"rendered":"<p>A Ocqueville, les agriculteurs qui vous proposent l&#8217;achat directement \u00e0 la ferme (notamment des pommes de terres), vous trouverez leurs coordonn\u00e9es ci-dessous : Monsieur DEBRABANTER : 06-19-06-85-73, Monsieur STALIN : 02-35-97-80-13, Monsieur Bruno GEORGES : 06-15-21-69-10, Ainsi que Monsieur HEDOUIN : 06-85-06-57-34 (producteur de cidre) Par ailleurs, un petit march\u00e9 de fruits et l\u00e9gumes est [&hellip;]<\/p>\n","protected":false},"author":1,"featured_media":0,"parent":0,"menu_order":0,"comment_status":"closed","ping_status":"closed","template":"","meta":{"footnotes":""},"yoast_head":"<!-- This site is optimized with the Yoast SEO plugin v22.8 - https:\/\/yoast.com\/wordpress\/plugins\/seo\/ -->\n<title>Les producteurs locaux - Mairie d&#039;Ocqueville<\/title>\n<meta name=\"description\" content=\"Liste des producteurs locaux \u00e0 Ocqueville et jour de march\u00e9.\" \/>\n<meta name=\"robots\" content=\"index, follow, max-snippet:-1, max-image-preview:large, max-video-preview:-1\" \/>\n<link rel=\"canonical\" href=\"http:\/\/ocqueville.fr\/?page_id=202\" \/>\n<meta property=\"og:locale\" content=\"en_US\" \/>\n<meta property=\"og:type\" content=\"article\" \/>\n<meta property=\"og:title\" content=\"Les producteurs locaux - Mairie d&#039;Ocqueville\" \/>\n<meta property=\"og:description\" content=\"Liste des producteurs locaux \u00e0 Ocqueville et jour de march\u00e9.\" \/>\n<meta property=\"og:url\" content=\"http:\/\/ocqueville.fr\/?page_id=202\" \/>\n<meta property=\"og:site_name\" content=\"Mairie d&#039;Ocqueville\" \/>\n<meta property=\"article:modified_time\" content=\"2020-11-18T13:28:12+00:00\" \/>\n<meta property=\"og:image\" content=\"https:\/\/i2.wp.com\/ocqueville.fr\/wp-content\/uploads\/2020\/11\/Fruits-et-legume-2-scaled.jpg\" \/>\n<meta name=\"twitter:card\" content=\"summary_large_image\" \/>\n<meta name=\"twitter:label1\" content=\"Est. reading time\" \/>\n\t<meta name=\"twitter:data1\" content=\"1 minute\" \/>\n<script type=\"application\/ld+json\" class=\"yoast-schema-graph\">{\"@context\":\"https:\/\/schema.org\",\"@graph\":[{\"@type\":\"WebPage\",\"@id\":\"http:\/\/ocqueville.fr\/?page_id=202\",\"url\":\"http:\/\/ocqueville.fr\/?page_id=202\",\"name\":\"Les producteurs locaux - Mairie d&#039;Ocqueville\",\"isPartOf\":{\"@id\":\"http:\/\/ocqueville.fr\/#website\"},\"primaryImageOfPage\":{\"@id\":\"http:\/\/ocqueville.fr\/?page_id=202#primaryimage\"},\"image\":{\"@id\":\"http:\/\/ocqueville.fr\/?page_id=202#primaryimage\"},\"thumbnailUrl\":\"https:\/\/i2.wp.com\/ocqueville.fr\/wp-content\/uploads\/2020\/11\/Fruits-et-legume-2-scaled.jpg\",\"datePublished\":\"2020-11-17T12:55:33+00:00\",\"dateModified\":\"2020-11-18T13:28:12+00:00\",\"description\":\"Liste des producteurs locaux \u00e0 Ocqueville et jour de march\u00e9.\",\"breadcrumb\":{\"@id\":\"http:\/\/ocqueville.fr\/?page_id=202#breadcrumb\"},\"inLanguage\":\"en-US\",\"potentialAction\":[{\"@type\":\"ReadAction\",\"target\":[\"http:\/\/ocqueville.fr\/?page_id=202\"]}]},{\"@type\":\"ImageObject\",\"inLanguage\":\"en-US\",\"@id\":\"http:\/\/ocqueville.fr\/?page_id=202#primaryimage\",\"url\":\"https:\/\/i2.wp.com\/ocqueville.fr\/wp-content\/uploads\/2020\/11\/Fruits-et-legume-2-scaled.jpg\",\"contentUrl\":\"https:\/\/i2.wp.com\/ocqueville.fr\/wp-content\/uploads\/2020\/11\/Fruits-et-legume-2-scaled.jpg\"},{\"@type\":\"BreadcrumbList\",\"@id\":\"http:\/\/ocqueville.fr\/?page_id=202#breadcrumb\",\"itemListElement\":[{\"@type\":\"ListItem\",\"position\":1,\"name\":\"Accueil\",\"item\":\"http:\/\/ocqueville.fr\/\"},{\"@type\":\"ListItem\",\"position\":2,\"name\":\"Les producteurs locaux\"}]},{\"@type\":\"WebSite\",\"@id\":\"http:\/\/ocqueville.fr\/#website\",\"url\":\"http:\/\/ocqueville.fr\/\",\"name\":\"Mairie d&#039;Ocqueville\",\"description\":\"Le site de la mairie pour les ocquevillais\",\"potentialAction\":[{\"@type\":\"SearchAction\",\"target\":{\"@type\":\"EntryPoint\",\"urlTemplate\":\"http:\/\/ocqueville.fr\/?s={search_term_string}\"},\"query-input\":\"required name=search_term_string\"}],\"inLanguage\":\"en-US\"}]}<\/script>\n<!-- \/ Yoast SEO plugin. -->","yoast_head_json":{"title":"Les producteurs locaux - Mairie d&#039;Ocqueville","description":"Liste des producteurs locaux \u00e0 Ocqueville et jour de march\u00e9.","robots":{"index":"index","follow":"follow","max-snippet":"max-snippet:-1","max-image-preview":"max-image-preview:large","max-video-preview":"max-video-preview:-1"},"canonical":"http:\/\/ocqueville.fr\/?page_id=202","og_locale":"en_US","og_type":"article","og_title":"Les producteurs locaux - Mairie d&#039;Ocqueville","og_description":"Liste des producteurs locaux \u00e0 Ocqueville et jour de march\u00e9.","og_url":"http:\/\/ocqueville.fr\/?page_id=202","og_site_name":"Mairie d&#039;Ocqueville","article_modified_time":"2020-11-18T13:28:12+00:00","og_image":[{"url":"https:\/\/i2.wp.com\/ocqueville.fr\/wp-content\/uploads\/2020\/11\/Fruits-et-legume-2-scaled.jpg"}],"twitter_card":"summary_large_image","twitter_misc":{"Est. reading time":"1 minute"},"schema":{"@context":"https:\/\/schema.org","@graph":[{"@type":"WebPage","@id":"http:\/\/ocqueville.fr\/?page_id=202","url":"http:\/\/ocqueville.fr\/?page_id=202","name":"Les producteurs locaux - Mairie d&#039;Ocqueville","isPartOf":{"@id":"http:\/\/ocqueville.fr\/#website"},"primaryImageOfPage":{"@id":"http:\/\/ocqueville.fr\/?page_id=202#primaryimage"},"image":{"@id":"http:\/\/ocqueville.fr\/?page_id=202#primaryimage"},"thumbnailUrl":"https:\/\/i2.wp.com\/ocqueville.fr\/wp-content\/uploads\/2020\/11\/Fruits-et-legume-2-scaled.jpg","datePublished":"2020-11-17T12:55:33+00:00","dateModified":"2020-11-18T13:28:12+00:00","description":"Liste des producteurs locaux \u00e0 Ocqueville et jour de march\u00e9.","breadcrumb":{"@id":"http:\/\/ocqueville.fr\/?page_id=202#breadcrumb"},"inLanguage":"en-US","potentialAction":[{"@type":"ReadAction","target":["http:\/\/ocqueville.fr\/?page_id=202"]}]},{"@type":"ImageObject","inLanguage":"en-US","@id":"http:\/\/ocqueville.fr\/?page_id=202#primaryimage","url":"https:\/\/i2.wp.com\/ocqueville.fr\/wp-content\/uploads\/2020\/11\/Fruits-et-legume-2-scaled.jpg","contentUrl":"https:\/\/i2.wp.com\/ocqueville.fr\/wp-content\/uploads\/2020\/11\/Fruits-et-legume-2-scaled.jpg"},{"@type":"BreadcrumbList","@id":"http:\/\/ocqueville.fr\/?page_id=202#breadcrumb","itemListElement":[{"@type":"ListItem","position":1,"name":"Accueil","item":"http:\/\/ocqueville.fr\/"},{"@type":"ListItem","position":2,"name":"Les producteurs locaux"}]},{"@type":"WebSite","@id":"http:\/\/ocqueville.fr\/#website","url":"http:\/\/ocqueville.fr\/","name":"Mairie d&#039;Ocqueville","description":"Le site de la mairie pour les ocquevillais","potentialAction":[{"@type":"SearchAction","target":{"@type":"EntryPoint","urlTemplate":"http:\/\/ocqueville.fr\/?s={search_term_string}"},"query-input":"required name=search_term_string"}],"inLanguage":"en-US"}]}},"jetpack_sharing_enabled":true,"_links":{"self":[{"href":"https:\/\/ocqueville.fr\/index.php?rest_route=\/wp\/v2\/pages\/202"}],"collection":[{"href":"https:\/\/ocqueville.fr\/index.php?rest_route=\/wp\/v2\/pages"}],"about":[{"href":"https:\/\/ocqueville.fr\/index.php?rest_route=\/wp\/v2\/types\/page"}],"author":[{"embeddable":true,"href":"https:\/\/ocqueville.fr\/index.php?rest_route=\/wp\/v2\/users\/1"}],"replies":[{"embeddable":true,"href":"https:\/\/ocqueville.fr\/index.php?rest_route=%2Fwp%2Fv2%2Fcomments&post=202"}],"version-history":[{"count":3,"href":"https:\/\/ocqueville.fr\/index.php?rest_route=\/wp\/v2\/pages\/202\/revisions"}],"predecessor-version":[{"id":215,"href":"https:\/\/ocqueville.fr\/index.php?rest_route=\/wp\/v2\/pages\/202\/revisions\/215"}],"wp:attachment":[{"href":"https:\/\/ocqueville.fr\/index.php?rest_route=%2Fwp%2Fv2%2Fmedia&parent=202"}],"curies":[{"name":"wp","href":"https:\/\/api.w.org\/{rel}","templated":true}]}}