{"id":39,"date":"2020-08-13T11:58:54","date_gmt":"2020-08-13T09:58:54","guid":{"rendered":"http:\/\/ocqueville.fr\/?page_id=39"},"modified":"2020-10-13T09:55:27","modified_gmt":"2020-10-13T07:55:27","slug":"horaires-dutilisation-des-tondeuses-et-outils-de-jardin-thermiques","status":"publish","type":"page","link":"https:\/\/ocqueville.fr\/?page_id=39","title":{"rendered":"Les horaires de jardinage et d&#8217;\u00e9boueurs"},"content":{"rendered":"\n<h2 class=\"wp-block-heading\">Horaires d&#8217;utilisation des tondeuses et outils de jardin thermiques<\/h2>\n\n\n\n<p>Les travaux de bricolage, de jardinage, r\u00e9alis\u00e9s par des particuliers \u00e0 l&#8217;aide d&#8217;outils ou d&#8217;appareils susceptibles de causer une g\u00eane sonore pour le voisinage (tondeuse \u00e0 gazon, d\u00e9broussailleuse, tron\u00e7onneuse, par exemple) ne peuvent \u00eatre effectu\u00e9s, \u00e0 Ocqueville, qu&#8217;aux horaires ci-dessous : <\/p>\n\n\n\n<ul><li>LES JOURS OUVRABLES : <ul><li>de 8h30 \u00e0 12h00 et de 14h00 \u00e0 20h00<\/li><\/ul><\/li><\/ul>\n\n\n\n<ul><li>LE SAMEDI : <ul><li>de 9h00 \u00e0 12h00 et de 14h00 \u00e0 19h00<\/li><\/ul><\/li><\/ul>\n\n\n\n<ul><li>LES DIMANCHES et JOURS FERIES : <ul><li>de 10h00 \u00e0 12h00<\/li><\/ul><\/li><\/ul>\n\n\n\n<h2 class=\"wp-block-heading\">Jour de ramassage des poubelles  \u00e0 Ocqueville<\/h2>\n\n\n\n<h3 class=\"wp-block-heading\">Les \u00e9boueurs passent \u00e0 Ocqueville les jours suivants :<\/h3>\n\n\n\n<ul><li>Tous les <strong>vendredis matins<\/strong> (recommandation : il faut donc bien penser \u00e0 sortir ses poubelles le jeudi soir)<\/li><li>Sauf si il y a <strong>un jour f\u00e9ri\u00e9 <\/strong>dans la semaine, dans ce cas cela d\u00e9cale d&#8217;un jour et ils passent donc le <strong>Samedi<\/strong><\/li><\/ul>\n\n\n\n<h2 class=\"wp-block-heading\">Lieux de tri s\u00e9lectif \u00e0 Ocqueville<\/h2>\n\n\n\n<p>Il y a deux emplacements de tri s\u00e9lectif \u00e0 Ocqueville : <\/p>\n\n\n\n<ul><li>Le 1er est situ\u00e9 \u00e0 c\u00f4t\u00e9 du terrain de basket et des terrains de tennis, il est souvent assez utilis\u00e9<\/li><li>Le 2sd est situ\u00e9 juste derri\u00e8re la mairie, \u00e0 c\u00f4t\u00e9 du nouveau cimeti\u00e8re<\/li><\/ul>\n\n\n\n<h3 class=\"wp-block-heading\">Les Emplacements de tri permettent de d\u00e9poser :<\/h3>\n\n\n\n<ul><li>Les petits cartons <\/li><li>Les bouteilles en plastique<\/li><li>Les bouteilles en verre<\/li><li>Les habits usagers  <\/li><\/ul>\n\n\n\n<p>Pour les encombrants plus importants, la d\u00e9chetterie la plus proche est situ\u00e9e sur la commune de Cany-barville<\/p>\n\n\n\n<p>L&#8217;adresse est la suivante : &nbsp;Route de Calvaille, 76450 Cany-Barville<\/p>\n\n\n\n<p>Les horaires \u00e9tant susceptible de changer, il est possible de les contacter au 02 35 57 50 69.<\/p>\n","protected":false},"excerpt":{"rendered":"<p>Horaires d&#8217;utilisation des tondeuses et outils de jardin thermiques Les travaux de bricolage, de jardinage, r\u00e9alis\u00e9s par des particuliers \u00e0 l&#8217;aide d&#8217;outils ou d&#8217;appareils susceptibles de causer une g\u00eane sonore pour le voisinage (tondeuse \u00e0 gazon, d\u00e9broussailleuse, tron\u00e7onneuse, par exemple) ne peuvent \u00eatre effectu\u00e9s, \u00e0 Ocqueville, qu&#8217;aux horaires ci-dessous : LES JOURS OUVRABLES : de [&hellip;]<\/p>\n","protected":false},"author":1,"featured_media":0,"parent":63,"menu_order":1,"comment_status":"closed","ping_status":"closed","template":"","meta":{"footnotes":""},"yoast_head":"<!-- This site is optimized with the Yoast SEO plugin v22.8 - https:\/\/yoast.com\/wordpress\/plugins\/seo\/ -->\n<title>Les horaires de jardinage et d&#039;\u00e9boueurs - Mairie d&#039;Ocqueville<\/title>\n<meta name=\"description\" content=\"Horaires d&#039;utilsiation des outils de jardinage \u00e0 ocqueville\" \/>\n<meta name=\"robots\" content=\"index, follow, max-snippet:-1, max-image-preview:large, max-video-preview:-1\" \/>\n<link rel=\"canonical\" href=\"https:\/\/ocqueville.fr\/?page_id=39\" \/>\n<meta property=\"og:locale\" content=\"en_US\" \/>\n<meta property=\"og:type\" content=\"article\" \/>\n<meta property=\"og:title\" content=\"Les horaires de jardinage et d&#039;\u00e9boueurs - Mairie d&#039;Ocqueville\" \/>\n<meta property=\"og:description\" content=\"Horaires d&#039;utilsiation des outils de jardinage \u00e0 ocqueville\" \/>\n<meta property=\"og:url\" content=\"https:\/\/ocqueville.fr\/?page_id=39\" \/>\n<meta property=\"og:site_name\" content=\"Mairie d&#039;Ocqueville\" \/>\n<meta property=\"article:modified_time\" content=\"2020-10-13T07:55:27+00:00\" \/>\n<meta name=\"twitter:card\" content=\"summary_large_image\" \/>\n<meta name=\"twitter:label1\" content=\"Est. reading time\" \/>\n\t<meta name=\"twitter:data1\" content=\"1 minute\" \/>\n<script type=\"application\/ld+json\" class=\"yoast-schema-graph\">{\"@context\":\"https:\/\/schema.org\",\"@graph\":[{\"@type\":\"WebPage\",\"@id\":\"https:\/\/ocqueville.fr\/?page_id=39\",\"url\":\"https:\/\/ocqueville.fr\/?page_id=39\",\"name\":\"Les horaires de jardinage et d'\u00e9boueurs - Mairie d&#039;Ocqueville\",\"isPartOf\":{\"@id\":\"http:\/\/ocqueville.fr\/#website\"},\"datePublished\":\"2020-08-13T09:58:54+00:00\",\"dateModified\":\"2020-10-13T07:55:27+00:00\",\"description\":\"Horaires d'utilsiation des outils de jardinage \u00e0 ocqueville\",\"breadcrumb\":{\"@id\":\"https:\/\/ocqueville.fr\/?page_id=39#breadcrumb\"},\"inLanguage\":\"en-US\",\"potentialAction\":[{\"@type\":\"ReadAction\",\"target\":[\"https:\/\/ocqueville.fr\/?page_id=39\"]}]},{\"@type\":\"BreadcrumbList\",\"@id\":\"https:\/\/ocqueville.fr\/?page_id=39#breadcrumb\",\"itemListElement\":[{\"@type\":\"ListItem\",\"position\":1,\"name\":\"Accueil\",\"item\":\"http:\/\/ocqueville.fr\/\"},{\"@type\":\"ListItem\",\"position\":2,\"name\":\"Vie Quotidienne\",\"item\":\"https:\/\/ocqueville.fr\/?page_id=63\"},{\"@type\":\"ListItem\",\"position\":3,\"name\":\"Les horaires de jardinage et d&#8217;\u00e9boueurs\"}]},{\"@type\":\"WebSite\",\"@id\":\"http:\/\/ocqueville.fr\/#website\",\"url\":\"http:\/\/ocqueville.fr\/\",\"name\":\"Mairie d&#039;Ocqueville\",\"description\":\"Le site de la mairie pour les ocquevillais\",\"potentialAction\":[{\"@type\":\"SearchAction\",\"target\":{\"@type\":\"EntryPoint\",\"urlTemplate\":\"http:\/\/ocqueville.fr\/?s={search_term_string}\"},\"query-input\":\"required name=search_term_string\"}],\"inLanguage\":\"en-US\"}]}<\/script>\n<!-- \/ Yoast SEO plugin. -->","yoast_head_json":{"title":"Les horaires de jardinage et d'\u00e9boueurs - Mairie d&#039;Ocqueville","description":"Horaires d'utilsiation des outils de jardinage \u00e0 ocqueville","robots":{"index":"index","follow":"follow","max-snippet":"max-snippet:-1","max-image-preview":"max-image-preview:large","max-video-preview":"max-video-preview:-1"},"canonical":"https:\/\/ocqueville.fr\/?page_id=39","og_locale":"en_US","og_type":"article","og_title":"Les horaires de jardinage et d'\u00e9boueurs - Mairie d&#039;Ocqueville","og_description":"Horaires d'utilsiation des outils de jardinage \u00e0 ocqueville","og_url":"https:\/\/ocqueville.fr\/?page_id=39","og_site_name":"Mairie d&#039;Ocqueville","article_modified_time":"2020-10-13T07:55:27+00:00","twitter_card":"summary_large_image","twitter_misc":{"Est. reading time":"1 minute"},"schema":{"@context":"https:\/\/schema.org","@graph":[{"@type":"WebPage","@id":"https:\/\/ocqueville.fr\/?page_id=39","url":"https:\/\/ocqueville.fr\/?page_id=39","name":"Les horaires de jardinage et d'\u00e9boueurs - Mairie d&#039;Ocqueville","isPartOf":{"@id":"http:\/\/ocqueville.fr\/#website"},"datePublished":"2020-08-13T09:58:54+00:00","dateModified":"2020-10-13T07:55:27+00:00","description":"Horaires d'utilsiation des outils de jardinage \u00e0 ocqueville","breadcrumb":{"@id":"https:\/\/ocqueville.fr\/?page_id=39#breadcrumb"},"inLanguage":"en-US","potentialAction":[{"@type":"ReadAction","target":["https:\/\/ocqueville.fr\/?page_id=39"]}]},{"@type":"BreadcrumbList","@id":"https:\/\/ocqueville.fr\/?page_id=39#breadcrumb","itemListElement":[{"@type":"ListItem","position":1,"name":"Accueil","item":"http:\/\/ocqueville.fr\/"},{"@type":"ListItem","position":2,"name":"Vie Quotidienne","item":"https:\/\/ocqueville.fr\/?page_id=63"},{"@type":"ListItem","position":3,"name":"Les horaires de jardinage et d&#8217;\u00e9boueurs"}]},{"@type":"WebSite","@id":"http:\/\/ocqueville.fr\/#website","url":"http:\/\/ocqueville.fr\/","name":"Mairie d&#039;Ocqueville","description":"Le site de la mairie pour les ocquevillais","potentialAction":[{"@type":"SearchAction","target":{"@type":"EntryPoint","urlTemplate":"http:\/\/ocqueville.fr\/?s={search_term_string}"},"query-input":"required name=search_term_string"}],"inLanguage":"en-US"}]}},"jetpack_sharing_enabled":true,"_links":{"self":[{"href":"https:\/\/ocqueville.fr\/index.php?rest_route=\/wp\/v2\/pages\/39"}],"collection":[{"href":"https:\/\/ocqueville.fr\/index.php?rest_route=\/wp\/v2\/pages"}],"about":[{"href":"https:\/\/ocqueville.fr\/index.php?rest_route=\/wp\/v2\/types\/page"}],"author":[{"embeddable":true,"href":"https:\/\/ocqueville.fr\/index.php?rest_route=\/wp\/v2\/users\/1"}],"replies":[{"embeddable":true,"href":"https:\/\/ocqueville.fr\/index.php?rest_route=%2Fwp%2Fv2%2Fcomments&post=39"}],"version-history":[{"count":7,"href":"https:\/\/ocqueville.fr\/index.php?rest_route=\/wp\/v2\/pages\/39\/revisions"}],"predecessor-version":[{"id":149,"href":"https:\/\/ocqueville.fr\/index.php?rest_route=\/wp\/v2\/pages\/39\/revisions\/149"}],"up":[{"embeddable":true,"href":"https:\/\/ocqueville.fr\/index.php?rest_route=\/wp\/v2\/pages\/63"}],"wp:attachment":[{"href":"https:\/\/ocqueville.fr\/index.php?rest_route=%2Fwp%2Fv2%2Fmedia&parent=39"}],"curies":[{"name":"wp","href":"https:\/\/api.w.org\/{rel}","templated":true}]}}